alse
Is 59708 a multiple of 43?
False
Is 20 a factor of 15066?
False
Is 4 a factor of 45628?
True
Is 60121 a multiple of 28?
False
Is 335 a multiple of 7?
False
Is 59920 a multiple of 20?
True
Does 8 divide 568?
True
Does 27 divide 60210?
True
Does 122 divide 31481?
False
Is 16 a factor of 152?
False
Does 143 divide 22451?
True
Is 8 a factor of 184?
True
Is 1521 a multiple of 13?
True
Is 50 a factor of 7789?
False
Is 7039 a multiple of 143?
False
Is 35 a factor of 3486?
False
Does 154 divide 8470?
True
Is 644 a multiple of 33?
False
Is 3744 a multiple of 26?
True
Is 8 a factor of 40?
True
Is 794 a multiple of 71?
False
Is 3 a factor of 1227?
True
Is 24890 a multiple of 48?
False
Is 158 a factor of 8058?
True
Is 10 a factor of 100?
True
Does 110 divide 8213?
False
Is 9479 a multiple of 11?
False
Does 27 divide 718?
False
Does 75 divide 9900?
True
Is 17 a factor of 17?
True
Is 214 a multiple of 49?
False
Is 67 a factor of 584?
False
Is 15 a factor of 3465?
True
Is 4 a factor of 42507?
False
Is 4118 a multiple of 36?
False
Does 69 divide 486?
False
Does 6 divide 916?
False
Does 5 divide 770?
True
Is 68 a multiple of 4?
True
Does 211 divide 40301?
True
Is 46 a factor of 9016?
True
Is 21 a factor of 2098?
False
Is 1755 a multiple of 5?
True
Is 10 a factor of 5958?
False
Is 20695 a multiple of 54?
False
Does 120 divide 1800?
True
Is 3403 a multiple of 15?
False
Does 13 divide 4065?
False
Is 5202 a multiple of 9?
True
Is 12012 a multiple of 163?
False
Is 3814 a multiple of 153?
False
Does 40 divide 1252?
False
Is 20 a factor of 3380?
True
Is 2640 a multiple of 88?
True
Is 56 a factor of 159040?
True
Is 13 a factor of 811?
False
Does 27 divide 621?
True
Is 8 a factor of 324?
False
Does 18 divide 7884?
True
Is 16 a factor of 25815?
False
Is 8 a factor of 272?
True
Does 11 divide 1980?
True
Is 33 a factor of 21360?
False
Does 110 divide 2929?
False
Is 52 a factor of 51116?
True
Does 30 divide 71?
False
Does 15 divide 4695?
True
Does 23 divide 306?
False
Does 5 divide 24527?
False
Does 4 divide 31724?
True
Is 722 a multiple of 38?
True
Is 3031 a multiple of 20?
False
Is 3 a factor of 516?
True
Is 6422 a multiple of 169?
True
Does 3 divide 1690?
False
Is 680 a multiple of 11?
False
Is 186 a factor of 2976?
True
Is 17 a factor of 8814?
False
Is 45 a factor of 4319?
False
Is 46562 a multiple of 31?
True
Does 40 divide 1535?
False
Does 44 divide 9328?
True
Is 945 a multiple of 63?
True
Is 10212 a multiple of 74?
True
Does 112 divide 7134?
False
Does 207 divide 5589?
True
Does 37 divide 2109?
True
Is 75 a factor of 8925?
True
Is 27576 a multiple of 12?
True
Does 12 divide 4068?
True
Does 24 divide 10464?
True
Does 44 divide 1144?
True
Does 21 divide 500?
False
Is 30528 a multiple of 64?
True
Is 5 a factor of 609?
False
Is 4895 a multiple of 9?
False
Is 105 a factor of 8368?
False
Does 19 divide 2394?
True
Is 646 a multiple of 39?
False
Does 17 divide 3929?
False
Is 1215 a multiple of 9?
True
Is 13074 a multiple of 3?
True
Is 10681 a multiple of 6?
False
Is 13 a factor of 29025?
False
Is 660 a multiple of 24?
False
Is 2 a factor of 8?
True
Is 13 a factor of 18213?
True
Does 11 divide 5632?
True
Is 2682 a multiple of 18?
True
Is 6 a factor of 6798?
True
Is 38641 a multiple of 84?
False
Is 6 a factor of 4518?
True
Is 4940 a multiple of 18?
False
Is 2 a factor of 6569?
False
Is 1120 a multiple of 20?
True
Is 2565 a multiple of 57?
True
Is 117 a factor of 10998?
True
Is 154 a factor of 770?
True
Does 16 divide 153504?
True
Is 2945 a multiple of 48?
False
Is 3 a factor of 17253?
True
Does 5 divide 379?
False
Does 74 divide 2956?
False
Does 73 divide 42486?
True
Does 188 divide 21528?
False
Does 53 divide 1113?
True
Is 159 a multiple of 3?
True
Is 34 a factor of 1028?
False
Is 5 a factor of 12880?
True
Is 5 a factor of 23586?
False
Does 3 divide 17241?
True
Does 10 divide 578?
False
Is 272 a multiple of 27?
False
Is 3872 a multiple of 16?
True
Is 16698 a multiple of 16?
False
Is 109 a factor of 18203?
True
Does 43 divide 34602?
False
Is 96 a factor of 2036?
False
Is 30 a multiple of 10?
True
Is 204 a multiple of 12?
True
Does 24 divide 469?
False
Does 15 divide 7230?
True
Does 66 divide 1782?
True
Is 19 a factor of 6599?
False
Is 12332 a multiple of 210?
False
Is 501 a multiple of 5?
False
Is 10 a factor of 1050?
True
Is 5016 even?
True
Is 21 a factor of 6642?
False
Is 6636 a multiple of 42?
True
Is 2 a factor of 37?
False
Does 46 divide 84?
False
Is 21795 a multiple of 7?
False
Is 178 a factor of 157589?
False
Does 61 divide 16836?
True
Is 20423 a multiple of 13?
True
Is 165 a factor of 24090?
True
Is 464 a multiple of 10?
False
Is 45 a factor of 3897?
False
Does 159 divide 59347?
False
Is 227 a multiple of 4?
False
Is 1003 a multiple of 10?
False
Is 824 a multiple of 5?
False
Is 13 a factor of 28340?
True
Is 55 a multiple of 19?
False
Is 57 a factor of 342?
True
Is 945 a multiple of 35?
True
Does 21 divide 7517?
False
Is 205 even?
False
Is 4124 a multiple of 56?
False
Is 18 a factor of 22813?
False
Is 45 a factor of 945?
True
Does 3 divide 7677?
True
Is 682 a multiple of 4?
False
Is 2446 a multiple of 29?
False
Is 93 a factor of 4836?
True
Does 24 divide 3142?
False
Is 12 a factor of 2532?
True
Is 26 a factor of 232?
False
Is 494 a multiple of 19?
True
Does 54 divide 648?
True
Is 644 a multiple of 28?
True
Is 4902 a multiple of 56?
False
Does 12 divide 11052?
True
Does 20 divide 283?
False
Does 42 divide 1512?
True
Is 30 a factor of 90?
True
Is 70 a factor of 546?
False
Does 5 divide 1840?
True
Does 59 divide 18703?
True
Is 2584 a multiple of 17?
True
Does 49 divide 980?
True
Is 151280 a multiple of 155?
True
Is 10 a factor of 1320?
True
Is 4251 a multiple of 90?
False
Does 21 divide 3215?
False
Does 89 divide 18269?
False
Is 9 a factor of 29335?
False
Is 7 a factor of 159?
False
Is 72 a factor of 9504?
True
Is 3 a factor of 1191?
True
Is 738 a multiple of 41?
True
Is 11 a factor of 5027?
True
Does 23 divide 188707?
False
Is 50 a factor of 9250?
True
Does 16 divide 48?
True
Is 2486 a multiple of 31?
False
Is 14883 a multiple of 52?
False
Does 19 divide 25854?
False
Is 2252 a multiple of 18?
False
Is 45 a factor of 4230?
True
Does 16 divide 28634?
False
Is 16 a factor of 9755?
False
Does 10 divide 553?
False
Is 24 a multiple of 8?
True
Is 14 a factor of 15612?
False
Is 27 a factor of 306?
False
Is 332 a multiple of 9?
False
Is 272 a multiple of 8?
True
Is 3 a factor of 112?
False
Is 2 a factor of 15?
False
Is 72 a factor of 3672?
True
Does 10 divide 5708?
False
Is 1965 a multiple of 39?
False
Is 58 a factor of 1418?
False
Does 43 divide 509?
False
Does 19 divide 40679?
True
Is 26 a factor of 4368?
True
Is 8 a factor of 195?
False
Does 20 divide 620?
True
Is 1270 a multiple of 8?
False
Is 46 a factor of 20736?
False
Is 120 a factor of 29760?
True
Is 7106 a multiple of 22?
True
Is 151 a factor of 45753?
True
Is 714 a multiple of 7?
True
Does 11 divide 1650?
True
Is 38 a factor of 2622?
True
Does 31 divide 57660?
True
Does 10 divide 856?
False
Is 978 a multiple of 68?
False
Is 9 a factor of 1640?
False
Does 237 divide 10598?
False
Is 38 a factor of 3888?
False
Is 12 a factor of 20364?
True
Is 26 a factor of 8580?
True
Does 75 divide 40534?
False
Does 15 divide 3240?
True
Does 13 divide 1261?
True
Is 49 a factor of 13628?
False
Is 7378 a multiple of 34?
True
Is 416 a multiple of 13?
True
Is 1753 a multiple of 66?
False
Is 63 a multiple of 21?
True
Is 27 a factor of 5955?
False
Does 9 divide 540?
True
Does 24 divide 576?
True
Is 17 a factor of 531?
False
Is 9 a factor of 6057?
True
Is 25 a factor of 27?
False
Is 149 a multiple of 39?
False
Does 18 divide 85142?
False
Is 7688 a multiple of 124?
True
Is 120 even?
True
Is 224 a multiple of 34?
False
Is 52 a multiple of 2?
True
Does 15 divide 572?
False
Is 82060 a multiple of 44?
True
Is 27 a factor of 13612?
False
Does 13 divide 533?
True
Does 22 divide 3300?
True
Does 31 divide 1621?
False
Is 2 a factor of 566?
True
Does 30 divide 780?
True
Is 9 a factor of 583?
False
Does 65 divide 9018?
False
Is 735 a multiple of 3?
True
Does 12 divide 13690?
False
Does 66 divide 39198?
False
Is 5 a factor of 1670?
True
Is 2754 a multiple of 18?
True
Is 3370 a multiple of 10?
True
Is 18 a factor of 4143?
False
Is 558 a multiple of 